te number?
True
Is 12869 a prime number?
False
Is 166319 a composite number?
False
Is 44158 prime?
False
Is 5191 prime?
False
Is 4909 a prime number?
True
Is 27143 a composite number?
False
Is 7349 composite?
False
Is 30883 prime?
False
Is 28297 composite?
False
Is 702067 a composite number?
False
Is 110315 a prime number?
False
Is 94559 composite?
False
Is 4177 a composite number?
False
Is 189653 a prime number?
True
Is 943 a prime number?
False
Is 499 a composite number?
False
Is 196247 a prime number?
True
Is 716383 a composite number?
False
Is 210187 a prime number?
True
Is 25618 composite?
True
Is 20663 a composite number?
False
Is 119971 a composite number?
False
Is 1117 a prime number?
True
Is 15441 a composite number?
True
Is 1345289 a composite number?
True
Is 45139 a prime number?
True
Is 7901 prime?
True
Is 124723 prime?
False
Is 79229 prime?
True
Is 6941 a composite number?
True
Is 809 prime?
True
Is 4954765 composite?
True
Is 5729 a prime number?
False
Is 496669 prime?
True
Is 2320897 a composite number?
False
Is 14029 a composite number?
False
Is 39341 a composite number?
False
Is 514387 a prime number?
False
Is 217 a composite number?
True
Is 147073 a composite number?
False
Is 30293 composite?
False
Is 50077 a composite number?
False
Is 4593 a composite number?
True
Is 419249 composite?
False
Is 687679 a composite number?
False
Is 565867 prime?
True
Is 127189 a composite number?
False
Is 11477 a prime number?
False
Is 28097 a composite number?
False
Is 3899 prime?
False
Is 154243 a prime number?
True
Is 1111862 prime?
False
Is 9626 composite?
True
Is 8513 a prime number?
True
Is 557 a composite number?
False
Is 2004083 prime?
True
Is 32393 a prime number?
False
Is 877057 a composite number?
False
Is 7245139 prime?
False
Is 50261 prime?
True
Is 102121 composite?
False
Is 139157 composite?
True
Is 75289 composite?
False
Is 59497 a composite number?
False
Is 11239 composite?
False
Is 85043 prime?
False
Is 1117111 a prime number?
True
Is 1187 a prime number?
True
Is 2389 a composite number?
False
Is 3967 prime?
True
Is 442691 a composite number?
False
Is 1874885 prime?
False
Is 12781 prime?
True
Is 526991 a prime number?
False
Is 3967 a prime number?
True
Is 25061 composite?
True
Is 8587 prime?
False
Is 2221 a prime number?
True
Is 19289 a prime number?
True
Is 110119 composite?
False
Is 2823047 prime?
True
Is 250129 a prime number?
False
Is 131477 a composite number?
False
Is 82633 composite?
False
Is 211 prime?
True
Is 4009 composite?
True
Is 1706 composite?
True
Is 3433 a composite number?
False
Is 2059 a composite number?
True
Is 19597 a prime number?
True
Is 8501 a composite number?
False
Is 1065481 a prime number?
False
Is 1045761 a composite number?
True
Is 4861 a composite number?
False
Is 509 composite?
False
Is 508619 prime?
True
Is 8141 a composite number?
True
Is 164347 a prime number?
False
Is 536867 a prime number?
True
Is 51853 a prime number?
True
Is 106451 a composite number?
False
Is 23399 a prime number?
True
Is 1127697 a composite number?
True
Is 1147 composite?
True
Is 992521 prime?
True
Is 2083189 a prime number?
False
Is 6229 composite?
False
Is 7573 prime?
True
Is 7627 a prime number?
False
Is 1109 a composite number?
False
Is 33287 a composite number?
False
Is 239027 a prime number?
True
Is 86773 a composite number?
True
Is 331 a composite number?
False
Is 27299 a prime number?
True
Is 12449 a composite number?
True
Is 20389 composite?
False
Is 1003 composite?
True
Is 3821 prime?
True
Is 271897 composite?
False
Is 7499 composite?
False
Is 227437 prime?
False
Is 3943 a prime number?
True
Is 665731 a prime number?
False
Is 55619 a prime number?
True
Is 226057 a composite number?
True
Is 626723 composite?
False
Is 606721 a composite number?
False
Is 6879 composite?
True
Is 65321 prime?
False
Is 495491 prime?
True
Is 32441 a composite number?
False
Is 3343 composite?
False
Is 8263 a composite number?
False
Is 12151 composite?
True
Is 499117 a composite number?
False
Is 8095 a prime number?
False
Is 80533 a composite number?
True
Is 635 a prime number?
False
Is 38069 a prime number?
True
Is 161897 prime?
False
Is 955 prime?
False
Is 1739533 prime?
True
Is 7495 a composite number?
True
Is 2123 a composite number?
True
Is 13249 a prime number?
True
Is 443645 a composite number?
True
Is 996547 a composite number?
True
Is 773065 a prime number?
False
Is 15557 a composite number?
True
Is 51713 a prime number?
True
Is 29527 composite?
False
Is 1439 a composite number?
False
Is 73873 a composite number?
True
Is 763183 a composite number?
False
Is 1232371 a composite number?
True
Is 149953 a prime number?
True
Is 10411 prime?
False
Is 4831 a composite number?
False
Is 167289 a prime number?
False
Is 4540129 a prime number?
False
Is 64049 a composite number?
True
Is 62639 a prime number?
True
Is 148055 a prime number?
False
Is 26081 prime?
False
Is 36079 composite?
True
Is 263 a prime number?
True
Is 19289 a composite number?
False
Is 512137 a prime number?
True
Is 720359 a composite number?
False
Is 91859 a composite number?
True
Is 100277 a prime number?
False
Is 107279 a composite number?
False
Is 3197 a composite number?
True
Is 57207 prime?
False
Is 26041 a prime number?
True
Is 10781 composite?
False
Is 883187 a composite number?
False
Is 4331 a composite number?
True
Is 110833 prime?
False
Is 8603 composite?
True
Is 751 prime?
True
Is 59309 a prime number?
False
Is 10078 a composite number?
True
Is 11035 composite?
True
Is 1256071 a composite number?
True
Is 1010381 a composite number?
False
Is 754879 a composite number?
True
Is 14611 a composite number?
True
Is 41011 a prime number?
True
Is 42919 a prime number?
False
Is 67409 a composite number?
False
Is 32135 a composite number?
True
Is 11855 a composite number?
True
Is 705541 a prime number?
False
Is 587687 composite?
False
Is 1801 composite?
False
Is 5179 prime?
True
Is 16127 prime?
True
Is 2927 a composite number?
False
Is 2141419 prime?
False
Is 91079 a composite number?
False
Is 402209 a prime number?
False
Is 527294 a composite number?
True
Is 16153 composite?
True
Is 3719 a prime number?
True
Is 8247 a composite number?
True
Is 388981 a prime number?
False
Is 128791 a composite number?
True
Is 989 a prime number?
False
Is 55679 prime?
False
Is 291359 prime?
True
Is 84773 prime?
False
Is 4861 a composite number?
False
Is 426137 a composite number?
True
Is 1781 prime?
False
Is 1277 composite?
False
Is 23847 a prime number?
False
Is 46211 composite?
True
Is 37087 a composite number?
False
Is 673403 a prime number?
True
Is 121853 a composite number?
False
Is 11474 a prime number?
False
Is 127031 a composite number?
False
Is 33433 a composite number?
True
Is 26549 a composite number?
True
Is 2957 prime?
True
Is 27229 prime?
False
Is 4989 composite?
True
Is 4327 a composite number?
False
Is 17609 prime?
True
Is 270559 prime?
False
Is 78383 composite?
True
Is 4499 prime?
False
Is 128813 a prime number?
True
Is 48043 composite?
True
Is 10198 a prime number?
False
Is 42893 a prime number?
False
Is 3080933 a prime number?
True
Is 15901 a composite number?
False
Is 15527 a prime number?
True
Is 17237 a composite number?
True
Is 2323 composite?
True
Is 46333 a composite number?
True
Is 9799 prime?
False
Is 1657 prime?
True
Is 7901 composite?
False
Is 132683 a composite number?
True
Is 66431 a composite number?
False
Is 27609 a composite number?
True
Is 32498 prime?
False
Is 1383113 a prime number?
True
Is 32999 a prime number?
True
Is 2122 a composite number?
True
Is 10709 a prime number?
True
Is 725099 a prime number?
True
Is 5089 prime?
False
Is 66161 composite?
False
Is 196073 composite?
False
Is 131601 prime?
False
Is 2161 composite?
False
Is 5747 a prime number?
False
Is 8849 a composite number?
False
Is 587 prime?
True
Is 64121 a composite number?
True
Is 69467 a prime number?
True
Is 287567 prime?
False
Is 1906435 a prime number?
False
Is 8027 prime?
False
Is 114133 prime?
False
Is 1234083 composite?
True
Is 174718 prime?
False
Is 8707 a composite number?
False
Is 3076529 prime?
True
Is 714169 prime?
True
Is 428477 a prime number?
False
Is 12569 a prime number?
True
Is 34649 a composite number?
False
Is 6120647 prime?
False
Is 6387 prime?
False
Is 14051 